et q = -853 + 941. What is the greatest common factor of 176 and q?
88
Let n be (2802/(-18))/((-1)/3). Suppose -2*s - n = -4*j - 103, 5*s = 0. Suppose -376 = -3*w - j. Calculate the highest common factor of 38 and w.
19
Let o = 42 + -21. Let p(a) = 5*a + 38. Let n(r) = 5*r + 38. Let l(j) = -2*n(j) + 3*p(j). Let g be l(5). Calculate the highest common divisor of o and g.
21
Let o(s) = s - 5. Let y be o(9). Suppose -4*g + 11 = -5*p, -y*p - 5 = -5*p - g. Let h be (p - 23)*(-8)/16. What is the greatest common divisor of 11 and h?
11
Let v = -502 - -733. Let j = -150 + v. Suppose 2*p - p - j = 0. Calculate the highest common divisor of p and 9.
9
Let i = 11 - 3. Let r(h) = 2*h + h - 13 + 33 - 2*h. Let m be r(-16). What is the greatest common divisor of m and i?
4
Suppose -2*i = l - 238, -l - 2*l + 354 = 3*i. What is the greatest common factor of i and 24?
24
Let b be 9/6 + 410/4. Let j be (0 - -6) + (35 - 36). Suppose j*s = 4*l - b, -5*l - 2*s + 85 = 3*s. What is the highest common factor of l and 3?
3
Let z = 6 + -5. Suppose -2*s = 5*t - 45, 3*t - 64 = -5*s + z. Let v(j) = -11*j - 18. Let o be v(-2). Calculate the greatest common factor of s and o.
2
Let q be 29 + (-10*4/(-8) - 6). What is the highest common divisor of 48 and q?
4
Let j = 16 - 7. Let h = 45 - 37. Let v(t) = -t + 17. Let u be v(h). What is the highest common factor of j and u?
9
Let w be (-1)/(1*3/21). Let g(o) = o - 3. Let j be g(w). Let v = j + 21. What is the highest common divisor of v and 1?
1
Suppose -2*h - 10 = -4*a, -5*a + 4*a + 4*h = -6. Let u be (0 - a) + (-203)/(-7). Calculate the highest common divisor of 135 and u.
27
Suppose -10*z + 6*z = 272. Let t = 79 + z. Let q = 6 + 5. What is the greatest common divisor of t and q?
11
Let v be (2 + 4)*(-6)/(-12). Suppose w - 5*y + 55 = v*w, 5*w = 4*y + 121. Let c = w + -17. What is the greatest common factor of c and 40?
8
Let u = 24 + 19. Let s = u - 34. What is the highest common factor of s and 63?
9
Let l be 30/((-132)/(-42) + -3). Calculate the greatest common factor of 30 and l.
30
Let s = -158 + 167. Let v = 11 + -8. Calculate the highest common factor of s and v.
3
Let j(a) = a**2 - 7*a + 13. Suppose m + 1 = 7. Let q be j(m). Let g = 23 + -16. Calculate the highest common divisor of g and q.
7
Let z(c) = c**3 + 11*c**2 - 23*c + 6. Let q be z(-10). Suppose 9*h - q = 2*h. Let o(x) = x. Let l be o(6). Calculate the greatest common factor of h and l.
6
Suppose 2*n = 3*z - 26, -2*n + 85 = 5*z + 3*n. Let l = z - -10. Calculate the highest common factor of l and 176.
22
Let i(m) be the second derivative of 2*m**3 - m**2/2 + 12*m. Let s be i(1). Calculate the greatest common factor of 77 and s.
11
Suppose 4*b + b = 90. Suppose -4*y + 8 = 0, -9*y = 3*a - 7*y - 382. Calculate the greatest common factor of a and b.
18
Let m(b) = 4*b**2 - 5*b + 3. Let j be m(3). Let v = -236 + 160. Let p = v + 124. Calculate the highest common divisor of j and p.
24
Let k(j) = 2*j**2 + 3*j - 4. Let l be k(-3). Let z be 2/(-7) + (-284)/(-14). What is the highest common divisor of z and l?
5
Let s(c) = -c**2 + 9*c + 11. Let w be s(10). Let n be (-18)/30 + w - (-2634)/15. Let a be -1*(-23)/1 + -1. Calculate the highest common divisor of a and n.
22
Let z = -12 + 10. Let x be 19*z*25/(-10). Calculate the greatest common factor of 19 and x.
19
Let o be (2 - (-40)/6*3) + -4. Let u be (1 + 11)*2/4. Let f be u/9*3/1. Calculate the highest common factor of o and f.
2
Suppose -2*o + v - 6465 = -3*o, v + 12927 = 2*o. Let b be 6/27 + o/72. Let a = 9 + 1. What is the greatest common divisor of a and b?
10
Let d be (308/(-22))/(6/(-15)). What is the greatest common factor of 5 and d?
5
Let f = -1893 - -1947. Suppose 2*g = -3*j + 2*j + 15, -2*j = 3*g - 24. Calculate the highest common factor of f and g.
6
Let j be (2/4)/((-6)/(-156)). Let x = j - 11. Suppose -x*n = -23 - 3. What is the highest common divisor of 39 and n?
13
Let b(y) = -90*y - 176. Let w be b(-20). Calculate the highest common factor of 56 and w.
56
Let n(d) = 9*d**2 + 8*d - 16. Let a be n(2). What is the greatest common divisor of 90 and a?
18
Suppose 409 = -13*u + 3607. What is the highest common factor of 6 and u?
6
Let v(j) = -j**3 + 8*j**2 - 5*j + 9. Let d be v(6). Let k = 194 - d. What is the greatest common factor of 13 and k?
13
Let b be ((-3)/(-4))/(1/4). Suppose 0 = -3*h + 1660 - 652. Suppose h = -b*p + 7*p. What is the highest common divisor of 12 and p?
12
Let d(w) = w**2 + 13*w + 24. Let m be d(-11). Let f(c) = 5*c + 2. Let a be f(-1). Let q be a/(-2 - -1) + 3. Calculate the greatest common divisor of q and m.
2
Let r(c) = c**3 + 11*c**2 + 7*c. Let d be r(-5). Calculate the highest common factor of 10 and d.
5
Suppose 0 = -3*x + 10957 - 10345. Calculate the highest common factor of 1122 and x.
102
Suppose 18 = -8*q + 114. What is the highest common divisor of 372 and q?
12
Suppose 3*g = 8*g - 20. Suppose 0 = -4*h + 1 + 15. Suppose -4*y + h = 5*f, 3*y = 3*f - f - 20. Calculate the greatest common divisor of g and f.
4
Let b = 774 + -708. Calculate the greatest common divisor of b and 242.
22
Suppose -g + 5*g = -16, -k + 3*g + 37 = 0. Calculate the highest common divisor of k and 25.
25
Suppose -2*a - 34 = 2*h, 5*h - 3*h + 3*a + 32 = 0. Let t = h - -25. Suppose 4*q - 18 = t. What is the highest common divisor of q and 4?
2
Let d(h) = -9*h + 2. Let k be (-7)/(63/(-6)) - (-11)/(-3). Let f be d(k). What is the highest common factor of 145 and f?
29
Let c = 20 + -12. Let p = -14 + 17. Suppose -p*m - w + 42 = 8, -5*m - 4*w + 52 = 0. Calculate the greatest common divisor of c and m.
4
Let w be 3 - (-2 - -9) - -8. Suppose -2*s = -1 - 9, -5*y = -w*s - 45. What is the highest common divisor of y and 104?
13
Suppose 17*f - 256 = 798. What is the highest common divisor of f and 496?
62
Let u(x) = x + 1. Let p be u(2). Let a be (p + (-14)/4)*-6. Let w(z) = 53*z - 6. Let l be w(a). What is the greatest common divisor of l and 17?
17
Let f be (-16)/3*3/(-2). Suppose b = n - 40, -b + 4*b + 160 = 4*n. Calculate the highest common divisor of f and n.
8
Let i = -191 - -206. Suppose 5*f = -8*j + 3*j + 830, 4*j + 161 = f. Calculate the greatest common divisor of f and i.
15
Let l = 25 + -6. Let j = -19 + 38. Calculate the highest common factor of l and j.
19
Suppose 4*l - 2*l - 4 = 0. Suppose 2*m + l*m = 64. Let i(w) = -w**2 - 24*w + 49. Let p be i(-19). What is the greatest common divisor of m and p?
16
Suppose -3629*j = -3632*j + 2970. Calculate the greatest common divisor of 60 and j.
30
Let x be (-20)/70 - 990/14. Let b = 44 - x. Calculate the greatest common divisor of b and 23.
23
Let o be (3 + -3 + 0)*3/(-9). Suppose 2*c - 7 - 17 = o. Calculate the greatest common factor of 60 and c.
12
Suppose -29 = -4*x + 3. Let c = x - -17. Let w be 15/c + 1128/20. Calculate the greatest common factor of 38 and w.
19
Let i be (-1)/(-5) - 156/(-20). Let z = -3070 + 3098. Calculate the highest common divisor of z and i.
4
Let m be ((-747)/45 + 13)/(1/(-180)). Calculate the greatest common factor of m and 24.
24
Suppose 78*l = 90*l - 6960. What is the greatest common factor of 20 and l?
20
Let l = 115 + -99. Let w be 220/(l/4) + 0. What is the greatest common factor of w and 11?
11
Let a(p) = -2*p + 47. Let u be a(-21). Suppose -4*q - 53 = -u. What is the highest common factor of q and 6?
3
Suppose 1260*t = 1271*t - 4719. What is the highest common factor of t and 33?
33
Let d(v) = -12*v - 24. Let k be 3/12 + (-49)/4. Let o be d(k). What is the greatest common divisor of 30 and o?
30
Let k(l) = -l**3 - 44*l**2 + 70*l - 81. Let s be k(-46). Calculate the greatest common divisor of 38 and s.
19
Suppose 2*o = -3*o + 90. Let t(g) = -3*g + 482. Let v be t(0). Suppose -q + 654 = 4*n + 2*q, -3*n + v = -2*q. Calculate the greatest common factor of o and n.
18
Suppose 2 = -w - 4. Let h be (10/w)/(3/(-18)). Calculate the greatest common divisor of h and 30.
10
Let s = 5 + -3. Suppose -3*t - 2 = 2*j, s*t - j = -6*j - 5. Suppose -2*x + 26 + 44 = t. What is the highest common divisor of x and 5?
5
Suppose -36*y = 18*y - 1728. What is the greatest common divisor of y and 160?
32
Let u be 2*(-10)/40 + (-18)/(-4). What is the highest common factor of u and 122?
2
Suppose i - 48 = -3*c + 56, 0 = 3*i + 4*c - 292. What is the high